 24*d = -4*z + 21*d + 9390. List the prime factors of z.
2, 3, 7
Suppose 15 = -3*u, -2*u + u = 2*b - 5. Suppose -5*g - 155 = 2*k + 2*k, 2*g = b*k - 29. Let j = g - -110. List the prime factors of j.
83
Suppose 14*r = 10*r + 1420. Suppose n = -c + r + 144, -4 = 4*c. Suppose 4*k + 0*z - n = 5*z, 2*z = -3*k + 352. List the prime factors of k.
2, 3, 5
Let x = 1307 + -1322. Suppose 4*j + 12 = -8. List the prime factors of ((-158)/(-3) + x/j)*3.
167
Let h = 668 + -654. Let m(k) = 2*k**2 - 29*k + 104. List the prime factors of m(h).
2, 3, 5
Let j be (3/(-4))/((-15)/220). Suppose 1 + 10 = -j*i. List the prime factors of 48 - (1 + i) - 3.
3, 5
Suppose 0 = 4*u + h - 8691, 4*u - 2308 = -5*h + 6379. List the prime factors of u.
41, 53
Suppose k - 2*k + 273861 = 26*k. What are the prime factors of k?
3, 7, 23
Let a be -3*(-5)/15*-12. What are the prime factors of 411 - (5 + a/(-4))?
13, 31
Suppose 239767 + 71054 = 41*g. Suppose 36*x - g = 17*x. List the prime factors of x.
3, 7, 19
List the prime factors of 174593/21 - (-170)/3570.
2, 4157
Suppose -72 = -10*x + 4*x. Let b be (3/(-6))/((-1)/x). What are the prime factors of (2/b + (-8)/(-12))*113?
113
Suppose -3*x + 2*k = -16, 7 = -4*x + 3*k - 6*k. Suppose x*s - 12*s + 11290 = 0. List the prime factors of s.
1129
Let f(w) = -w**3 - w**2 + 22*w + 10. Let o be f(-5). Suppose 47*q - 44*q - 1485 = o. List the prime factors of q.
3, 5, 11
Suppose -2*x - 4*a = -20, 0*a = -5*x + 4*a - 6. Let z be 3/x + (75/(-10) - -2). List the prime factors of 406/4 - z/8.
2, 3, 17
Let j be (55/(-77))/(2/(-14)). Let m be (8 + j)*(-2 - -3). Suppose m*s = 3*s + 790. List the prime factors of s.
79
Suppose -2967247 - 3822323 = -173*m + 321422. What are the prime factors of m?
2, 7, 367
Let f(j) be the third derivative of 1/60*j**5 + 0*j + 2/3*j**4 + 1/3*j**3 - 1 - 18*j**2. What are the prime factors of f(-22)?
2, 67
Suppose 0 = 2*d + 2179 - 323. Let u = d + 1415. List the prime factors of u.
487
Suppose 4*z + 2*o + 1275 = 5*o, -2*z - 5*o = 631. Let k = z + 721. What are the prime factors of k?
13, 31
Let l be 0 + 0 + 1 - -6. Let q be (l - 147) + -2 + 6. Let v = q - -203. What are the prime factors of v?
67
Let q(y) = -y**2 - 2*y + 3. Let o be q(0). Suppose 2*f + 10 = 0, o*f + f + 7 = -z. Let b(u) = 10*u - 4. List the prime factors of b(z).
2, 3, 7
Suppose 0 = 3*v + 2*v - 370. Let q = 202 - v. Suppose 2*b + 3*p - 129 = 0, -2*b - 2*p + 0*p = -q. List the prime factors of b.
3, 7
Suppose -4*v = 16 - 24. Suppose -4 + 8 = -v*h, 366 = 2*b + 5*h. What are the prime factors of b?
2, 47
Suppose -164 = 4*i - 2*m, -31 = i - 3*m + 20. Suppose -j + 6*j = 320. Let g = j + i. List the prime factors of g.
5
Suppose 0 = c + 4*l - 2*l + 151, -5*c - 735 = 5*l. Let n = c - -42. Let d = 167 + n. List the prime factors of d.
2, 3, 11
Suppose c - 20 = -3*c. Suppose 4*r - 27 = 4*a - a, 28 = r - c*a. Suppose 5*f - 90 = 5*g, -4*g = -r*g. List the prime factors of f.
2, 3
Let t be ((-6)/(-6))/((-4)/(-24)). List the prime factors of (5 - (t + -1)) + 511.
7, 73
Let z = 5009 - -30443. What are the prime factors of z?
2, 8863
Suppose -50*c - 1 = -1. Suppose -5*d + 2925 - 1115 = c. List the prime factors of d.
2, 181
Suppose 7 = 2*p + 8*t - 5*t, 3*t = -p - 4. Suppose f = -0*f + p. List the prime factors of f.
11
Let z(b) = -10*b - 220. Let q be z(-22). Suppose -13*i + 1878 + 4596 = q. List the prime factors of i.
2, 3, 83
Let a(k) = k**3 + 60*k**2 - 59*k - 8. What are the prime factors of a(15)?
2, 61, 131
Suppose -2 = -3*m + 2*m. Let y(t) = -8*t + m - 37*t + 4. What are the prime factors of y(-4)?
2, 3, 31
Let c(w) = 21*w - 8. Let i be c(1). Let z(m) = m**3 - 10*m**2 - 29*m - 19. List the prime factors of z(i).
3, 37
Let d(y) = y**3 + y**2 + y + 3. Let f be d(-3). Let q = -45 - f. List the prime factors of q/(-1) - (2 - 1).
2, 13
Let v(k) = 37*k**2 - 8*k - 4. Let o be v(-3). Suppose 2*t = 2807 + o. List the prime factors of (t/5)/(-2 + 4).
2, 79
Suppose 5*j + 40 = 2*t + 2*t, -t + 3 = -3*j. Suppose 9*x - t*x + 12 = 0. List the prime factors of ((-129)/45 - x/15) + 6.
3
Let t(g) = 3*g - 3. Let v be t(1). Let q(o) = -o**3 - o**2 + 16. Let x be q(v). What are the prime factors of (-12)/x - 195/(-4)?
2, 3
Let h(g) = 3*g**2 - 2*g - 32. Let k be h(-4). Suppose -k*r + 22*r = -284. List the prime factors of r.
2, 71
Suppose 563811 - 37516 = 11*r. List the prime factors of r.
5, 7, 1367
Let u be (0 + 1)*-23*-1. Let q = u + -19. Suppose -5*h - q*v = -494, 3*h - 324 = -5*v - 38. List the prime factors of h.
2, 3, 17
List the prime factors of (-35)/(-20) + 5503064/224.
79, 311
Suppose -77 = -5*p - 4*s + 226, 0 = 3*s + 9. Let b = p + -59. Suppose 4*r = 3*t + 3*r - 34, b*r = -4. List the prime factors of t.
11
Let q = 1536 + 8109. What are the prime factors of q?
3, 5, 643
Suppose -11286 = 4*z + 29*z. Let p = z + 367. What are the prime factors of p?
5
List the prime factors of -6 + 1*-2 + (26 - -20188).
2, 10103
Suppose 0 = 3*y - 2*y - 99. Let b be (-1764)/y - 2/11. What are the prime factors of 4/b + (-2328)/(-27)?
2, 43
Let r = -307 + 1036. What are the prime factors of r?
3
Let l(o) be the second derivative of -157*o**3/2 + 11*o**2 - 148*o. List the prime factors of l(-1).
17, 29
Suppose 4*g - 5*g + 40 = 0. Let d = g + -40. Suppose -3*z + 48 = -3*w, -104 = -5*z - d*w - 3*w. What are the prime factors of z?
19
Let r(c) = 341*c - 160. Let i be r(5). Let t = i + -229. List the prime factors of t.
2, 7, 47
Let x = -22 + 22. Let y be (2/4)/(x + 5/30). Suppose 5*q - 2*q + 235 = 2*k, 345 = 3*k + y*q. List the prime factors of k.
2, 29
Suppose 0 = -942*j + 945*j + 4*t - 11820, -j + 2*t + 3950 = 0. What are the prime factors of j?
2, 17, 29
Let g be (-140)/2*(-2)/4. Let h = -13 + -3. Let v = g + h. List the prime factors of v.
19
Let m(k) = 13*k - 59*k**2 - k**3 + 5 + 11 + 49*k**2. Let n be m(-11). Let r(l) = -7*l + 10. What are the prime factors of r(n)?
2, 13
Let g(q) = 8*q**2 + q. Let i be g(-1). Let d(r) = -15*r + 41. Let a(w) = 45*w - 108. Let j(t) = 6*a(t) + 17*d(t). What are the prime factors of j(i)?
2, 7, 11
Let h = 3 + 4. Suppose 3*x - 3*u = 5796, 167*x - 168*x = -3*u - 1940. Suppose -x = -h*s - 234. What are the prime factors of s?
2, 11
Let u = 1362 - 1186. Suppose -4*j - 170 = -2*j. Let f = j + u. List the prime factors of f.
7, 13
Suppose -45*d = -44*d - 560. Let b = d - 380. What are the prime factors of b?
2, 3, 5
Let k = 240 - 165. Let b = 101 - k. List the prime factors of b.
2, 13
List the prime factors of (-4)/6*(-598680)/60.
2, 1663
Let j = -154 - 74. Let p = -60 - j. List the prime factors of p.
2, 3, 7
Let l = 2910 + -1464. List the prime factors of 2/4 - (l/(-4) - -2).
2, 3, 5
What are the prime factors of 21191/8 + -27 + 1085/40?
3, 883
List the prime factors of (-35)/15 - (1 - 117837/27).
7, 89
Let j(x) = 545*x**2 + 30*x + 56. List the prime factors of j(-2).
2, 17
What are the prime factors of 2/(-4) + (-9140181)/(-302)?
5, 6053
Suppose -11*w = -17*w + 3336. Let l = -300 + w. List the prime factors of l.
2
Let p(k) = 2*k**3 - 227*k**2 + 38*k - 480. What are the prime factors of p(114)?
2, 3, 13
List the prime factors of ((-113)/565)/((-1)/144665).
28933
What are the prime factors of 11 + 0 - (74 + -1100)?
17, 61
Let y = -16 + 29. Let h(l) be the first derivative of -l**3/3 + 23*l**2/2 - 23*l + 67. List the prime factors of h(y).
107
Let t = 101859 - 16739. What are the prime factors of t?
2, 5, 7, 19
Suppose 2*u + 50 = 5*g - 2*u, 0 = 2*g - 2*u - 22. Suppose 0 = -14*a + g*a + 16. Suppose a*z - 139 = -3. What are the prime factors of z?
2, 17
List the prime factors of 60/40 + (-368274)/(-12).
47, 653
Suppose 93*c = -20*c + 352560. List the prime factors of c.
2, 3, 5, 13
Let p(i) = 255*i + 670. What are the prime factors of p(16)?
2, 5, 19
Let r = -204 + 394. Let x be 102 - (-1)/2*-2. Let v = r - x. What are the prime factors of v?
89
Suppose 3*y - 5*y = 3*h - 45306, 5*y + 45306 = 3*h. List the prime factors of h.
2, 3, 839
Let q(y) = -3*y**2 - 133*y - 149. List the prime factors of q(-38).
3, 191
Let b(n) = n**3 + 20*n**2 - 51*n - 111. Let d be b(-22). Let x(l) = -l**2 + 46*l - 34. What are the prime factors of x(d)?
5, 19
What are the prime factors of 20483 - (2/2)/(43/(-86))?
5, 17, 241
Let o(w) = -w. Let b be o(-9). Suppose v - 5 = 2*i, -i - v - b =